
761602
In base 15, what is 4a + 127357?
1273a2
In base 2, what is 100001010011110000 - -100000001?
100001010111110001
In base 11, what is 4 + -4a6a819?
-4a6a815
In base 5, what is -241424012402 + -3?
-241424012410
In base 10, what is -11283945 + -10?
-11283955
In base 9, what is 61366 - 387?
60868
In base 4, what is -1232203322031 - -13?
-1232203322012
In base 3, what is -110002102 + -11002221100?
-11120000202
In base 7, what is 3356062 - -1006?
3360101
In base 2, what is -10000011111 + 10001000110110001111?
10001000100101110000
In base 3, what is 2110 + 112101210201112?
112101210210222
In base 9, what is -1086 - -23704?
22607
In base 7, what is 352235060 - -35?
352235125
In base 8, what is 71 + 175566?
175657
In base 14, what is 103d72 - -17d?
104111
In base 11, what is -8 + -27231038?
-27231045
In base 4, what is -201231033 + 130?
-201230303
In base 14, what is -14 - 10ac32?
-10ac46
In base 4, what is -10 - -1132133031233?
1132133031223
In base 13, what is -10782 - 17c?
-10931
In base 16, what is 12dc537 - 0?
12dc537
In base 5, what is -130334010002 - -4?
-130334004443
In base 2, what is 1000100011101 + 10001110010?
1010110001111
In base 5, what is 211031123 - -4?
211031132
In base 11, what is 3a9 + -93146?
-92848
In base 9, what is -3 + 7582514?
7582511
In base 15, what is a2c - 323d?
-2711
In base 9, what is -1152153 + 1145?
-1151007
In base 5, what is -322023034 + 200?
-322022334
In base 2, what is -1101101111011111101111001000 - -10?
-1101101111011111101111000110
In base 7, what is -1251151 + 1131?
-1250020
In base 11, what is 38402 + -138?
38275
In base 4, what is -210223311100313 - -1?
-210223311100312
In base 12, what is -14 + -25ab09?
-25ab21
In base 14, what is 5 - d6d2a?
-d6d25
In base 12, what is 1637 - 2330?
-8b5
In base 14, what is 125ab + 106?
126b3
In base 3, what is 1201002200101002 - 1?
1201002200101001
In base 16, what is 78 - 2f7f?
-2f07
In base 14, what is -3 + -229663a1?
-229663a4
In base 8, what is 1146745 - -13?
1146760
In base 7, what is 265462050 + -4?
265462043
In base 8, what is 63 + -342546?
-342463
In base 2, what is 11000110 - 1100000111011100100?
-1100000111000011110
In base 13, what is 0 + -20271c6?
-20271c6
In base 3, what is -21002022 + -1101200201?
-1122210000
In base 11, what is -81 + 8388?
8307
In base 5, what is 11 - 1243420312?
-1243420301
In base 15, what is -3 + bd7374?
bd7371
In base 14, what is -9 - 7b9368?
-7b9373
In base 11, what is 164329 - 118?
164211
In base 3, what is 2000222220111 + 111?
2000222220222
In base 14, what is 9 + -1d858a?
-1d8581
In base 3, what is -12011 - 201122110111?
-201122122122
In base 9, what is -248102 - 402?
-248504
In base 13, what is -c + -52aaa47?
-52aaa56
In base 12, what is 10b079a42 - -5?
10b079a47
In base 9, what is 8065 + -27140?
-18064
In base 14, what is -36298d9 + -7?
-3629902
In base 14, what is 11 - -6775080?
6775091
In base 11, what is -83a - -15553?
14814
In base 16, what is 0 - -4582?
4582
In base 2, what is -111011011000100100110101 - 1?
-111011011000100100110110
In base 6, what is 54321021 + 305?
54321330
In base 8, what is -3550577672 + -2?
-3550577674
In base 12, what is 5 + -26376a5?
-26376a0
In base 12, what is -7 + 15974a2?
1597497
In base 10, what is 38456 - 2048?
36408
In base 14, what is 36c - -11406?
11774
In base 11, what is -1372 + 48385?
47013
In base 5, what is 42 - -133023400?
133023442
In base 13, what is 0 + -c906240?
-c906240
In base 15, what is -3acc - -79?
-3a53
In base 13, what is -43 - 4b5b1?
-4b624
In base 11, what is -2506021 - 3?
-2506024
In base 6, what is 240 - -455140?
455420
In base 8, what is -1 + 356462434?
356462433
In base 11, what is 83717761 - -5?
83717766
In base 11, what is 8 + -240901?
-2408a4
In base 4, what is 120013300030 - 1?
120013300023
In base 3, what is 101211211 + -12221?
101121220
In base 10, what is -1896071 - 14?
-1896085
In base 16, what is 1e8 - -2e0b?
2ff3
In base 10, what is -2 - 312201?
-312203
In base 4, what is -23013 - -2131202?
2102123
In base 8, what is -452025 - -414?
-451411
In base 14, what is 147 + -cc912?
-cc7a9
In base 15, what is 3226 + 70b7?
a2dd
In base 2, what is 1100100110011110 - 101010?
1100100101110100
In base 14, what is -dd472 - 116?
-dd588
In base 14, what is -47c284 + -1?
-47c285
In base 2, what is -11100010011010 + 111111110?
-11011010011100
In base 16, what is 2 - 31ecd?
-31ecb
In base 16, what is b - c85b9?
-c85ae
In base 12, what is 2a1 - -92167?
92448
In base 2, what is 1011111010011110 + -1110110011?
1011101011101011
In base 13, what is 5 - -455143c?
4551444
In base 10, what is -52866 + 117?
-52749
In base 3, what is 201021 - -11000022200?
11001000221
In base 8, what is 61526 - -1761?
63507
In base 2, what is -110000010111010 - 10000001111?
-110010011001001
In base 3, what is -11202012201221 + -21212?
-11202020000210
In base 4, what is 103330 - -1330321111?
1331031101
In base 15, what is 3a5 - 34c?
58
In base 5, what is 10 + 2334040121?
2334040131
In base 14, what is 11414d - 8?
114145
In base 16, what is -11385f - 5?
-113864
In base 7, what is 3 + -26150236?
-26150233
In base 8, what is 0 + 1115256201?
1115256201
In base 10, what is -708 - -81192?
80484
In base 7, what is 246210640 + -140?
246210500
In base 7, what is 414241 - -36?
414310
In base 12, what is 52827b4 + 0?
52827b4
In base 2, what is 11110000110101 - 111001001001?
10110111101100
In base 15, what is 2e7 - -1e38?
2230
In base 6, what is 24000243 - -110?
24000353
In base 3, what is -10021121210 - -2110012?
-10012011121
In base 6, what is 410 + -14524114?
-14523304
In base 9, what is 101 + -68324?
-68223
In base 16, what is 204 - 7f3?
-5ef
In base 3, what is 102020 + 10110120?
10212210
In base 7, what is 3 - 1633333446?
-1633333443
In base 6, what is -231 + 2203412?
2203141
In base 8, what is 5014644 + 55?
5014721
In base 2, what is -10001011110 - -110100011?
-1010111011
In base 11, what is 5611582a - 1?
56115829
In base 5, what is -32 + 110122320?
110122233
In base 6, what is -10 - -5120011455?
5120011445
In base 16, what is -6228b + -110?
-6239b
In base 8, what is -1264511 + 1152?
-1263337
In base 2, what is 11010110010101101101110100110 - -101?
11010110010101101101110101011
In base 6, what is 5042 - -1223151?
1232233
In base 8, what is 203 - -5126671?
5127074
In base 12, what is -737aa7 - -4?
-737aa3
In base 16, what is 54af + -6992?
-14e3
In base 3, what is 2001221 + -211121110?
-202112112
In base 9, what is 4 - -11853103?
11853107
In base 9, what is 201043 - 1701?
188242
In base 8, what is 14161 - -2072?
16253
In base 9, what is -478184 - -5?
-478178
In base 4, what is -2301020103 + -111?
-2301020220
In base 14, what is 5 + 1a6a94?
1a6a99
In base 15, what is ab3186a + 5?
ab31870
In base 11, what is -1 + 177865?
177864
In base 7, what is 6 - -5441340?
5441346
In base 13, what is -2c42 + 135?
-2b0a
In base 15, what is 35967be - 0?
35967be
In base 14, what is -2c3 + -96988?
-96c6b
In base 2, what is -11111111101101001101010 + 101?
-11111111101101001100101
In base 6, what is -332 + 3442220?
3441444
In base 11, what is -3943357 - 5?
-3943361
In base 4, what is 3 + -2323033301133?
-2323033301130
In base 6, what is 3331542 - -111?
3332053
In base 6, what is 223 - 113541124?
-113540501
In base 9, what is -1124868 - 11?
-1124880
In base 4, what is -312003322310 + -221?
-312003323131
In base 4, what is 3213 + 122110130?
122120003
In base 9, what is 3 - 6656443?
-6656440
In base 3, what is 0 + -211121001012102?
-211121001012102
In base 5, what is -20341100 - 2330?
-20343430
In base 16, what is -1c5f8a6e + -2?
-1c5f8a70
In base 7, what is -143 - 1010142?
-1010315
In base 2, what is 101101000011101100011 - 10?
101101000011101100001
In base 14, what is a03 - -2375?
2d78
In base 14, what is -d43d + -2491?
-118d0
In base 12, what is 107 + -14ba9?
-14aa2
In base 14, what is -7d98c16 + -9?
-7d98c21
In base 6, what is -22203520 - 1435?
-22205355
In base 12, what is -1019b3 - -30?
-101983
In base 7, what is -2 + -55302341?
-55302343
In base 6, what is 323144 - 25141?
254003
In base 16, what is 1e7b212 - 0?
1e7b212
In base 2, what is -111000 - -1000011010111100111101?
1000011010111100000101
In base 15, what is 20e120d - 1?
20e120c
In base 11, what is -2a3 + 4a265?
49a72
In base 7, what is 1550665 + -2664?
1545001
In base